Dec 02 04:10:02.010 INFO testing Prior99/opus-sys against master#8940af3cea4a9a9deabcaf843b2f8cad9a83fc61 for beta-1.31-5
Dec 02 04:10:02.011 INFO running `"docker" "create" "-v" "/mnt/big/crater/work/local/target-dirs/beta-1.31-5/worker-7/master#8940af3cea4a9a9deabcaf843b2f8cad9a83fc61:/target:rw,Z" "-v" "/mnt/big/crater/work/local/test-source/worker-7/beta-1.31-5/master#8940af3cea4a9a9deabcaf843b2f8cad9a83fc61:/source:ro,Z" "-v" "/mnt/big/crater/work/local/cargo-home:/cargo-home:ro,Z" "-v" "/mnt/big/crater/work/local/rustup-home:/rustup-home:ro,Z" "-e" "USER_ID=1000" "-e" "SOURCE_DIR=/source" "-e" "USER_ID=1000" "-e" "CMD=cargo +8940af3cea4a9a9deabcaf843b2f8cad9a83fc61-alt build --frozen" "-e" "CARGO_TARGET_DIR=/target" "-e" "CARGO_INCREMENTAL=0" "-e" "RUST_BACKTRACE=full" "-e" "RUSTFLAGS=--cap-lints=warn" "-e" "CARGO_HOME=/cargo-home" "-e" "RUSTUP_HOME=/rustup-home" "-m" "1536M" "--network" "none" "crater"`
Dec 02 04:10:02.257 INFO [stdout] fac321261cf4e1a849ce77b63a17583df0431a187d67aeefc27b7e17c63eaf66
Dec 02 04:10:02.259 INFO running `"docker" "start" "-a" "fac321261cf4e1a849ce77b63a17583df0431a187d67aeefc27b7e17c63eaf66"`
Dec 02 04:10:02.772 INFO [stderr] usermod: no changes
Dec 02 04:10:02.908 INFO [stderr]    Compiling bindgen v0.43.0
Dec 02 04:10:02.911 INFO [stderr]    Compiling nom v4.1.1
Dec 02 04:10:02.911 INFO [stderr]    Compiling clang-sys v0.26.1
Dec 02 04:10:06.303 INFO [stderr]    Compiling cexpr v0.3.3
Dec 02 04:10:42.050 INFO [stderr]    Compiling opus-sys v0.1.0 (/source)
Dec 02 04:10:49.051 INFO [stderr] error: failed to run custom build command for `opus-sys v0.1.0 (/source)`
Dec 02 04:10:49.051 INFO [stderr] process didn't exit successfully: `/target/debug/build/opus-sys-d7adddb333590759/build-script-build` (exit code: 101)
Dec 02 04:10:49.051 INFO [stderr] --- stdout
Dec 02 04:10:49.051 INFO [stderr] TARGET = Some("x86_64-unknown-linux-gnu")
Dec 02 04:10:49.051 INFO [stderr] HOST = Some("x86_64-unknown-linux-gnu")
Dec 02 04:10:49.051 INFO [stderr] CC_x86_64-unknown-linux-gnu = None
Dec 02 04:10:49.051 INFO [stderr] CC_x86_64_unknown_linux_gnu = None
Dec 02 04:10:49.051 INFO [stderr] HOST_CC = None
Dec 02 04:10:49.051 INFO [stderr] CC = None
Dec 02 04:10:49.051 INFO [stderr] CFLAGS_x86_64-unknown-linux-gnu = None
Dec 02 04:10:49.051 INFO [stderr] CFLAGS_x86_64_unknown_linux_gnu = None
Dec 02 04:10:49.051 INFO [stderr] HOST_CFLAGS = None
Dec 02 04:10:49.051 INFO [stderr] CFLAGS = None
Dec 02 04:10:49.051 INFO [stderr] DEBUG = Some("true")
Dec 02 04:10:49.051 INFO [stderr] running: "cc" "-O3" "-ffunction-sections" "-fdata-sections" "-fPIC" "-g" "-fno-omit-frame-pointer" "-m64" "-I" "/source/opus/include" "-I" "/source/opus/silk" "-I" "/source/opus/silk/float" "-I" "/source/opus/src" "-I" "/source/opus/celt" "-I" "/source/opus" "-I" "/source/opus/silk/x86" "-Wall" "-Wextra" "-msse" "-msse2" "-msse4.1" "-DUSE_ALLOCA=ON" "-DOPUS_BUILD=ON" "-DHAVE_LRINTF=ON" "-o" "/target/debug/build/opus-sys-cc173ff88f7db024/out/bands.o" "-c" "/source/opus/celt/bands.c"
Dec 02 04:10:49.051 INFO [stderr] cargo:warning=cc: error: /source/opus/celt/bands.c: No such file or directory
Dec 02 04:10:49.051 INFO [stderr] cargo:warning=cc: fatal error: no input files
Dec 02 04:10:49.052 INFO [stderr] cargo:warning=compilation terminated.
Dec 02 04:10:49.052 INFO [stderr] exit code: 1
Dec 02 04:10:49.052 INFO [stderr] 
Dec 02 04:10:49.052 INFO [stderr] --- stderr
Dec 02 04:10:49.052 INFO [stderr] thread 'main' panicked at '
Dec 02 04:10:49.052 INFO [stderr] 
Dec 02 04:10:49.052 INFO [stderr] Internal error occurred: Command "cc" "-O3" "-ffunction-sections" "-fdata-sections" "-fPIC" "-g" "-fno-omit-frame-pointer" "-m64" "-I" "/source/opus/include" "-I" "/source/opus/silk" "-I" "/source/opus/silk/float" "-I" "/source/opus/src" "-I" "/source/opus/celt" "-I" "/source/opus" "-I" "/source/opus/silk/x86" "-Wall" "-Wextra" "-msse" "-msse2" "-msse4.1" "-DUSE_ALLOCA=ON" "-DOPUS_BUILD=ON" "-DHAVE_LRINTF=ON" "-o" "/target/debug/build/opus-sys-cc173ff88f7db024/out/bands.o" "-c" "/source/opus/celt/bands.c" with args "cc" did not execute successfully (status code exit code: 1).
Dec 02 04:10:49.052 INFO [stderr] 
Dec 02 04:10:49.052 INFO [stderr] ', /cargo-home/registry/src/github.com-1ecc6299db9ec823/cc-1.0.25/src/lib.rs:2260:5
Dec 02 04:10:49.052 INFO [stderr] stack backtrace:
Dec 02 04:10:49.052 INFO [stderr]    0:     0x55f11af449af - std::sys::unix::backtrace::tracing::imp::unwind_backtrace::h3a8b83e1922cbdde
Dec 02 04:10:49.052 INFO [stderr]                                at libstd/sys/unix/backtrace/tracing/gcc_s.rs:49
Dec 02 04:10:49.052 INFO [stderr]    1:     0x55f11af517f7 - std::sys_common::backtrace::print::h00d3155a29b4020f
Dec 02 04:10:49.052 INFO [stderr]                                at libstd/sys_common/backtrace.rs:71
Dec 02 04:10:49.052 INFO [stderr]                                at libstd/sys_common/backtrace.rs:59
Dec 02 04:10:49.052 INFO [stderr]    2:     0x55f11af4a43f - std::panicking::default_hook::{{closure}}::hd7465c742e79e1bb
Dec 02 04:10:49.052 INFO [stderr]                                at libstd/panicking.rs:211
Dec 02 04:10:49.052 INFO [stderr]    3:     0x55f11af4a1a4 - std::panicking::default_hook::h9e3966f2aa2a6e12
Dec 02 04:10:49.052 INFO [stderr]                                at libstd/panicking.rs:227
Dec 02 04:10:49.052 INFO [stderr]    4:     0x55f11af4ab1e - std::panicking::rust_panic_with_hook::h587f091ae747d080
Dec 02 04:10:49.052 INFO [stderr]                                at libstd/panicking.rs:476
Dec 02 04:10:49.052 INFO [stderr]    5:     0x55f11af4a6c1 - std::panicking::continue_panic_fmt::hb3a4fdede87f43a8
Dec 02 04:10:49.052 INFO [stderr]                                at libstd/panicking.rs:390
Dec 02 04:10:49.052 INFO [stderr]    6:     0x55f11af4a60e - std::panicking::begin_panic_fmt::h387afc7da9a10555
Dec 02 04:10:49.052 INFO [stderr]                                at libstd/panicking.rs:345
Dec 02 04:10:49.052 INFO [stderr]    7:     0x55f11a8b4436 - cc::fail::haa9cf01fe99fc91f
Dec 02 04:10:49.052 INFO [stderr]                                at /cargo-home/registry/src/github.com-1ecc6299db9ec823/cc-1.0.25/src/lib.rs:2260
Dec 02 04:10:49.052 INFO [stderr]    8:     0x55f11a89f59d - cc::Build::compile::h5b7a0fdfe2c2497a
Dec 02 04:10:49.052 INFO [stderr]                                at /cargo-home/registry/src/github.com-1ecc6299db9ec823/cc-1.0.25/src/lib.rs:933
Dec 02 04:10:49.052 INFO [stderr]    9:     0x55f11a8917e2 - build_script_build::build::hb7db3e458b9362dd
Dec 02 04:10:49.052 INFO [stderr]                                at /source/build.rs:226
Dec 02 04:10:49.052 INFO [stderr]   10:     0x55f11a891c66 - build_script_build::main::h0ca05a85f13556ea
Dec 02 04:10:49.052 INFO [stderr]                                at /source/build.rs:236
Dec 02 04:10:49.052 INFO [stderr]   11:     0x55f11a8965bf - std::rt::lang_start::{{closure}}::hf26c5ce8ff1e0d83
Dec 02 04:10:49.052 INFO [stderr]                                at libstd/rt.rs:74
Dec 02 04:10:49.052 INFO [stderr]   12:     0x55f11af4a542 - std::panicking::try::do_call::h52e7f80ff0fdcc45
Dec 02 04:10:49.052 INFO [stderr]                                at libstd/rt.rs:59
Dec 02 04:10:49.052 INFO [stderr]                                at libstd/panicking.rs:310
Dec 02 04:10:49.052 INFO [stderr]   13:     0x55f11af5c7a9 - __rust_maybe_catch_panic
Dec 02 04:10:49.052 INFO [stderr]                                at libpanic_unwind/lib.rs:102
Dec 02 04:10:49.052 INFO [stderr]   14:     0x55f11af34a5a - std::rt::lang_start_internal::h38cae898de7f805c
Dec 02 04:10:49.052 INFO [stderr]                                at libstd/panicking.rs:289
Dec 02 04:10:49.052 INFO [stderr]                                at libstd/panic.rs:392
Dec 02 04:10:49.052 INFO [stderr]                                at libstd/rt.rs:58
Dec 02 04:10:49.052 INFO [stderr]   15:     0x55f11a896598 - std::rt::lang_start::hf3bdb381cfb7cc56
Dec 02 04:10:49.052 INFO [stderr]                                at libstd/rt.rs:74
Dec 02 04:10:49.052 INFO [stderr]   16:     0x55f11a891ef9 - main
Dec 02 04:10:49.052 INFO [stderr]   17:     0x7f625f92982f - __libc_start_main
Dec 02 04:10:49.052 INFO [stderr]   18:     0x55f11a88f338 - _start
Dec 02 04:10:49.052 INFO [stderr]   19:                0x0 - <unknown>
Dec 02 04:10:49.052 INFO [stderr] 
Dec 02 04:10:49.052 INFO [stderr] su: No module specific data is present
Dec 02 04:10:49.418 INFO running `"docker" "inspect" "fac321261cf4e1a849ce77b63a17583df0431a187d67aeefc27b7e17c63eaf66"`
Dec 02 04:10:49.488 INFO running `"docker" "rm" "-f" "fac321261cf4e1a849ce77b63a17583df0431a187d67aeefc27b7e17c63eaf66"`
Dec 02 04:10:49.612 INFO [stdout] fac321261cf4e1a849ce77b63a17583df0431a187d67aeefc27b7e17c63eaf66
